{"id":80,"date":"2019-12-03T11:55:44","date_gmt":"2019-12-03T10:55:44","guid":{"rendered":"https:\/\/pinakova.sk\/?page_id=80"},"modified":"2025-08-19T13:13:21","modified_gmt":"2025-08-19T11:13:21","slug":"kontakt","status":"publish","type":"page","link":"https:\/\/pinakova.sk\/?page_id=80","title":{"rendered":"Kontakt"},"content":{"rendered":"\n<p><strong><strong>Aktu\u00e1lne m\u00e1m naplnen\u00e9 v\u0161etky term\u00edny, tak\u017ee neprij\u00edmam nov\u00fdch klientov. \u010eakujem za porozumenie.<\/strong><\/strong><\/p>\n\n\n\n<p class=\"has-quaternary-color has-text-color has-link-color wp-elements-126ec5f29db2673d5d315ac2406fff6e\">Po\u010das seden\u00ed m\u00e1m vypnut\u00e9 zvonenie, preto ak sa mi nedovol\u00e1te, kontaktujte ma cez webovsk\u00fd formul\u00e1r, e-mail alebo sms. <\/p>\n\n\n<p class=\"fonts-plugin-block \" style=\"color: #cf0228\"><\/p>\n\n\n<h4 class=\"wp-block-heading\">Nap\u00ed\u0161te mi<\/h4>\n\n\n\n<div class=\"wp-block-columns is-layout-flex wp-container-core-columns-is-layout-9d6595d7 wp-block-columns-is-layout-flex\">\n<div class=\"wp-block-column is-layout-flow wp-block-column-is-layout-flow\" style=\"flex-basis:66.66%\">\t\t\t\t<div class = \"wp-block-uagb-cf7-styler uagb-cf7-styler__outer-wrap uagb-block-f5e7be56   \">\n\t\t\t\t\t<div class = \"uagb-cf7-styler__align-left uagb-cf7-styler__field-style-box uagb-cf7-styler__btn-align-left uagb-cf7-styler__btn-align-tablet- uagb-cf7-styler__btn-align-mobile- uagb-cf7-styler__highlight-style-default uagb-cf7-styler__check-style-enabled\">\n\t\t\t\t\t\n<div class=\"wpcf7 no-js\" id=\"wpcf7-f81-o1\" lang=\"sk-SK\" dir=\"ltr\" data-wpcf7-id=\"81\">\n<div class=\"screen-reader-response\"><p role=\"status\" aria-live=\"polite\" aria-atomic=\"true\"><\/p> <ul><\/ul><\/div>\n<form action=\"\/index.php?rest_route=%2Fwp%2Fv2%2Fpages%2F80#wpcf7-f81-o1\" method=\"post\" class=\"wpcf7-form init\" aria-label=\"Kontaktn\u00fd formul\u00e1r\" novalidate=\"novalidate\" data-status=\"init\">\n<fieldset class=\"hidden-fields-container\"><input type=\"hidden\" name=\"_wpcf7\" value=\"81\" \/><input type=\"hidden\" name=\"_wpcf7_version\" value=\"6.1.5\" \/><input type=\"hidden\" name=\"_wpcf7_locale\" value=\"sk_SK\" \/><input type=\"hidden\" name=\"_wpcf7_unit_tag\" value=\"wpcf7-f81-o1\" \/><input type=\"hidden\" name=\"_wpcf7_container_post\" value=\"0\" \/><input type=\"hidden\" name=\"_wpcf7_posted_data_hash\" value=\"\" \/><input type=\"hidden\" name=\"_wpcf7_recaptcha_response\" value=\"\" \/>\n<\/fieldset>\n<p><label> Va\u0161e meno (povinn\u00e9)<br \/>\n<span class=\"wpcf7-form-control-wrap\" data-name=\"your-name\"><input size=\"40\" maxlength=\"400\" class=\"wpcf7-form-control wpcf7-text wpcf7-validates-as-required\" aria-required=\"true\" aria-invalid=\"false\" value=\"\" type=\"text\" name=\"your-name\" \/><\/span> <\/label>\n<\/p>\n<p><label> V\u00e1\u0161 email (povinn\u00e9)<br \/>\n<span class=\"wpcf7-form-control-wrap\" data-name=\"your-email\"><input size=\"40\" maxlength=\"400\" class=\"wpcf7-form-control wpcf7-email wpcf7-validates-as-required wpcf7-text wpcf7-validates-as-email\" aria-required=\"true\" aria-invalid=\"false\" value=\"\" type=\"email\" name=\"your-email\" \/><\/span> <\/label>\n<\/p>\n<p><label> Predmet<br \/>\n<span class=\"wpcf7-form-control-wrap\" data-name=\"your-subject\"><input size=\"40\" maxlength=\"400\" class=\"wpcf7-form-control wpcf7-text\" aria-invalid=\"false\" value=\"\" type=\"text\" name=\"your-subject\" \/><\/span> <\/label>\n<\/p>\n<p><label> Va\u0161a spr\u00e1va<br \/>\n<span class=\"wpcf7-form-control-wrap\" data-name=\"your-message\"><textarea cols=\"40\" rows=\"10\" maxlength=\"2000\" class=\"wpcf7-form-control wpcf7-textarea\" aria-invalid=\"false\" name=\"your-message\"><\/textarea><\/span> <\/label>\n<\/p>\n<p><input class=\"wpcf7-form-control wpcf7-submit has-spinner\" type=\"submit\" value=\"Odosla\u0165\" \/>\n<\/p><p style=\"display: none !important;\" class=\"akismet-fields-container\" data-prefix=\"_wpcf7_ak_\"><label>&#916;<textarea name=\"_wpcf7_ak_hp_textarea\" cols=\"45\" rows=\"8\" maxlength=\"100\"><\/textarea><\/label><input type=\"hidden\" id=\"ak_js_1\" name=\"_wpcf7_ak_js\" value=\"34\"\/><script type=\"text\/javascript\">\n\/* <![CDATA[ *\/\ndocument.getElementById( \"ak_js_1\" ).setAttribute( \"value\", ( new Date() ).getTime() );\n\/* ]]> *\/\n<\/script>\n<\/p><div class=\"wpcf7-response-output\" aria-hidden=\"true\"><\/div>\n<\/form>\n<\/div>\n\t\t\t\t\t<\/div>\n\t\t\t\t<\/div>\n\t\t\t\t<\/div>\n\n\n\n<div class=\"wp-block-column is-layout-flow wp-block-column-is-layout-flow\" style=\"flex-basis:33.33%\">\n<h3 class=\"wp-block-heading\">  Adresa:  <\/h3>\n\n\n\n<div class=\"wp-block-group\"><div class=\"wp-block-group__inner-container is-layout-flow wp-block-group-is-layout-flow\">\n<p>Mgr. Bohumila Pi\u0148\u00e1kov\u00e1<br \/>Budova FRAM, 6. poschodie<br \/>M. R. \u0160tef\u00e1nika 849<br \/>010 01 \u017dilina<\/p>\n<\/div><\/div>\n\n\n\n<hr class=\"wp-block-separator has-css-opacity is-style-wide\"\/>\n\n\n\n<h3 class=\"wp-block-heading\">Telef\u00f3n:<\/h3>\n\n\n\n<p>+421 902 398 442<\/p>\n\n\n\n<hr class=\"wp-block-separator has-css-opacity is-style-wide\"\/>\n\n\n\n<figure class=\"wp-block-image size-large is-resized\"><img loading=\"lazy\" decoding=\"async\" width=\"507\" height=\"761\" src=\"https:\/\/pinakova.sk\/wp-content\/uploads\/2020\/01\/FRAM_2-1.jpg\" alt=\"\" class=\"wp-image-212\" style=\"width:234px;height:352px\" srcset=\"https:\/\/pinakova.sk\/wp-content\/uploads\/2020\/01\/FRAM_2-1.jpg 507w, https:\/\/pinakova.sk\/wp-content\/uploads\/2020\/01\/FRAM_2-1-200x300.jpg 200w\" sizes=\"auto, (max-width: 507px) 100vw, 507px\" \/><\/figure>\n<\/div>\n<\/div>\n\n\n\t\t\t<div \n\t\t\tclass=\"wp-block-uagb-google-map uagb-google-map__wrap uagb-block-07371ae8     \"\n\t\t\tstyle=\"\" >\n\t\t\t\t<embed\n\t\t\t\t\tclass=\"uagb-google-map__iframe\"\n\t\t\t\t\ttitle=\"Google Map for \"\n\t\t\t\t\tsrc=\"https:\/\/maps.google.com\/maps?q=M.%20R.%20%C5%A0tef%C3%A1nika%20849%2F71%2C%20010%2001%20%C5%BDilina&#038;z=15&#038;hl=en&#038;t=m&#038;output=embed&#038;iwloc=near\"\n\t\t\t\t\twidth=\"640\"\n\t\t\t\t\theight=\"300\"\n\t\t\t\t\tloading=\"lazy\"\n\t\t\t\t><\/embed>\n\t\t\t<\/div>\n\t\t\t\n\n\n<p><\/p>\n","protected":false},"excerpt":{"rendered":"<p>Aktu\u00e1lne m\u00e1m naplnen\u00e9 v\u0161etky term\u00edny, tak\u017ee neprij\u00edmam nov\u00fdch klientov. \u010eakujem za porozumenie. Po\u010das seden\u00ed m\u00e1m vypnut\u00e9 zvonenie, preto ak sa&hellip;<\/p>\n","protected":false},"author":1,"featured_media":0,"parent":0,"menu_order":0,"comment_status":"closed","ping_status":"closed","template":"","meta":{"_uag_custom_page_level_css":"","_monsterinsights_skip_tracking":false,"_monsterinsights_sitenote_active":false,"_monsterinsights_sitenote_note":"","_monsterinsights_sitenote_category":0,"footnotes":""},"class_list":["post-80","page","type-page","status-publish","hentry"],"featured_image_src":null,"yoast_head":"<!-- This site is optimized with the Yoast SEO plugin v27.5 - https:\/\/yoast.com\/product\/yoast-seo-wordpress\/ -->\n<title>Kontakt - Mgr. Bohumila Pi\u0148\u00e1kov\u00e1<\/title>\n<meta name=\"description\" content=\"Adresa:Mgr. Bohumila Pi\u0148\u00e1kov\u00e1 - Budova FRAM, 6. poschodie, M. R. \u0160tef\u00e1nika 849, 010 01 \u017dilina\" \/>\n<meta name=\"robots\" content=\"index, follow, max-snippet:-1, max-image-preview:large, max-video-preview:-1\" \/>\n<link rel=\"canonical\" href=\"https:\/\/pinakova.sk\/?page_id=80\" \/>\n<meta property=\"og:locale\" content=\"sk_SK\" \/>\n<meta property=\"og:type\" content=\"article\" \/>\n<meta property=\"og:title\" content=\"Kontakt - Mgr. Bohumila Pi\u0148\u00e1kov\u00e1\" \/>\n<meta property=\"og:description\" content=\"Adresa:Mgr. Bohumila Pi\u0148\u00e1kov\u00e1 - Budova FRAM, 6. poschodie, M. R. \u0160tef\u00e1nika 849, 010 01 \u017dilina\" \/>\n<meta property=\"og:url\" content=\"https:\/\/pinakova.sk\/?page_id=80\" \/>\n<meta property=\"og:site_name\" content=\"Mgr. Bohumila Pi\u0148\u00e1kov\u00e1\" \/>\n<meta property=\"article:modified_time\" content=\"2025-08-19T11:13:21+00:00\" \/>\n<meta property=\"og:image\" content=\"https:\/\/pinakova.sk\/wp-content\/uploads\/2020\/01\/FRAM_2-1.jpg\" \/>\n\t<meta property=\"og:image:width\" content=\"507\" \/>\n\t<meta property=\"og:image:height\" content=\"761\" \/>\n\t<meta property=\"og:image:type\" content=\"image\/jpeg\" \/>\n<meta name=\"twitter:card\" content=\"summary_large_image\" \/>\n<meta name=\"twitter:label1\" content=\"Predpokladan\u00fd \u010das \u010d\u00edtania\" \/>\n\t<meta name=\"twitter:data1\" content=\"1 min\u00fata\" \/>\n<script type=\"application\/ld+json\" class=\"yoast-schema-graph\">{\"@context\":\"https:\\\/\\\/schema.org\",\"@graph\":[{\"@type\":\"WebPage\",\"@id\":\"https:\\\/\\\/pinakova.sk\\\/?page_id=80\",\"url\":\"https:\\\/\\\/pinakova.sk\\\/?page_id=80\",\"name\":\"Kontakt - Mgr. Bohumila Pi\u0148\u00e1kov\u00e1\",\"isPartOf\":{\"@id\":\"https:\\\/\\\/pinakova.sk\\\/#website\"},\"primaryImageOfPage\":{\"@id\":\"https:\\\/\\\/pinakova.sk\\\/?page_id=80#primaryimage\"},\"image\":{\"@id\":\"https:\\\/\\\/pinakova.sk\\\/?page_id=80#primaryimage\"},\"thumbnailUrl\":\"https:\\\/\\\/pinakova.sk\\\/wp-content\\\/uploads\\\/2020\\\/01\\\/FRAM_2-1.jpg\",\"datePublished\":\"2019-12-03T10:55:44+00:00\",\"dateModified\":\"2025-08-19T11:13:21+00:00\",\"description\":\"Adresa:Mgr. Bohumila Pi\u0148\u00e1kov\u00e1 - Budova FRAM, 6. poschodie, M. R. \u0160tef\u00e1nika 849, 010 01 \u017dilina\",\"breadcrumb\":{\"@id\":\"https:\\\/\\\/pinakova.sk\\\/?page_id=80#breadcrumb\"},\"inLanguage\":\"sk-SK\",\"potentialAction\":[{\"@type\":\"ReadAction\",\"target\":[\"https:\\\/\\\/pinakova.sk\\\/?page_id=80\"]}]},{\"@type\":\"ImageObject\",\"inLanguage\":\"sk-SK\",\"@id\":\"https:\\\/\\\/pinakova.sk\\\/?page_id=80#primaryimage\",\"url\":\"https:\\\/\\\/pinakova.sk\\\/wp-content\\\/uploads\\\/2020\\\/01\\\/FRAM_2-1.jpg\",\"contentUrl\":\"https:\\\/\\\/pinakova.sk\\\/wp-content\\\/uploads\\\/2020\\\/01\\\/FRAM_2-1.jpg\",\"width\":507,\"height\":761},{\"@type\":\"BreadcrumbList\",\"@id\":\"https:\\\/\\\/pinakova.sk\\\/?page_id=80#breadcrumb\",\"itemListElement\":[{\"@type\":\"ListItem\",\"position\":1,\"name\":\"Home\",\"item\":\"https:\\\/\\\/pinakova.sk\\\/\"},{\"@type\":\"ListItem\",\"position\":2,\"name\":\"Kontakt\"}]},{\"@type\":\"WebSite\",\"@id\":\"https:\\\/\\\/pinakova.sk\\\/#website\",\"url\":\"https:\\\/\\\/pinakova.sk\\\/\",\"name\":\"Mgr. Bohumila Pi\u0148\u00e1kov\u00e1\",\"description\":\"Klinick\u00fd psychol\u00f3g a psychoterapeut\",\"potentialAction\":[{\"@type\":\"SearchAction\",\"target\":{\"@type\":\"EntryPoint\",\"urlTemplate\":\"https:\\\/\\\/pinakova.sk\\\/?s={search_term_string}\"},\"query-input\":{\"@type\":\"PropertyValueSpecification\",\"valueRequired\":true,\"valueName\":\"search_term_string\"}}],\"inLanguage\":\"sk-SK\"}]}<\/script>\n<!-- \/ Yoast SEO plugin. -->","yoast_head_json":{"title":"Kontakt - Mgr. Bohumila Pi\u0148\u00e1kov\u00e1","description":"Adresa:Mgr. Bohumila Pi\u0148\u00e1kov\u00e1 - Budova FRAM, 6. poschodie, M. R. \u0160tef\u00e1nika 849, 010 01 \u017dilina","robots":{"index":"index","follow":"follow","max-snippet":"max-snippet:-1","max-image-preview":"max-image-preview:large","max-video-preview":"max-video-preview:-1"},"canonical":"https:\/\/pinakova.sk\/?page_id=80","og_locale":"sk_SK","og_type":"article","og_title":"Kontakt - Mgr. Bohumila Pi\u0148\u00e1kov\u00e1","og_description":"Adresa:Mgr. Bohumila Pi\u0148\u00e1kov\u00e1 - Budova FRAM, 6. poschodie, M. R. \u0160tef\u00e1nika 849, 010 01 \u017dilina","og_url":"https:\/\/pinakova.sk\/?page_id=80","og_site_name":"Mgr. Bohumila Pi\u0148\u00e1kov\u00e1","article_modified_time":"2025-08-19T11:13:21+00:00","og_image":[{"width":507,"height":761,"url":"https:\/\/pinakova.sk\/wp-content\/uploads\/2020\/01\/FRAM_2-1.jpg","type":"image\/jpeg"}],"twitter_card":"summary_large_image","twitter_misc":{"Predpokladan\u00fd \u010das \u010d\u00edtania":"1 min\u00fata"},"schema":{"@context":"https:\/\/schema.org","@graph":[{"@type":"WebPage","@id":"https:\/\/pinakova.sk\/?page_id=80","url":"https:\/\/pinakova.sk\/?page_id=80","name":"Kontakt - Mgr. Bohumila Pi\u0148\u00e1kov\u00e1","isPartOf":{"@id":"https:\/\/pinakova.sk\/#website"},"primaryImageOfPage":{"@id":"https:\/\/pinakova.sk\/?page_id=80#primaryimage"},"image":{"@id":"https:\/\/pinakova.sk\/?page_id=80#primaryimage"},"thumbnailUrl":"https:\/\/pinakova.sk\/wp-content\/uploads\/2020\/01\/FRAM_2-1.jpg","datePublished":"2019-12-03T10:55:44+00:00","dateModified":"2025-08-19T11:13:21+00:00","description":"Adresa:Mgr. Bohumila Pi\u0148\u00e1kov\u00e1 - Budova FRAM, 6. poschodie, M. R. \u0160tef\u00e1nika 849, 010 01 \u017dilina","breadcrumb":{"@id":"https:\/\/pinakova.sk\/?page_id=80#breadcrumb"},"inLanguage":"sk-SK","potentialAction":[{"@type":"ReadAction","target":["https:\/\/pinakova.sk\/?page_id=80"]}]},{"@type":"ImageObject","inLanguage":"sk-SK","@id":"https:\/\/pinakova.sk\/?page_id=80#primaryimage","url":"https:\/\/pinakova.sk\/wp-content\/uploads\/2020\/01\/FRAM_2-1.jpg","contentUrl":"https:\/\/pinakova.sk\/wp-content\/uploads\/2020\/01\/FRAM_2-1.jpg","width":507,"height":761},{"@type":"BreadcrumbList","@id":"https:\/\/pinakova.sk\/?page_id=80#breadcrumb","itemListElement":[{"@type":"ListItem","position":1,"name":"Home","item":"https:\/\/pinakova.sk\/"},{"@type":"ListItem","position":2,"name":"Kontakt"}]},{"@type":"WebSite","@id":"https:\/\/pinakova.sk\/#website","url":"https:\/\/pinakova.sk\/","name":"Mgr. Bohumila Pi\u0148\u00e1kov\u00e1","description":"Klinick\u00fd psychol\u00f3g a psychoterapeut","potentialAction":[{"@type":"SearchAction","target":{"@type":"EntryPoint","urlTemplate":"https:\/\/pinakova.sk\/?s={search_term_string}"},"query-input":{"@type":"PropertyValueSpecification","valueRequired":true,"valueName":"search_term_string"}}],"inLanguage":"sk-SK"}]}},"uagb_featured_image_src":{"full":false,"thumbnail":false,"medium":false,"medium_large":false,"large":false,"1536x1536":false,"2048x2048":false,"primer-featured":false,"primer-hero":false},"uagb_author_info":{"display_name":"bpinakova","author_link":"https:\/\/pinakova.sk\/?author=1"},"uagb_comment_info":0,"uagb_excerpt":"Aktu\u00e1lne m\u00e1m naplnen\u00e9 v\u0161etky term\u00edny, tak\u017ee neprij\u00edmam nov\u00fdch klientov. \u010eakujem za porozumenie. Po\u010das seden\u00ed m\u00e1m vypnut\u00e9 zvonenie, preto ak sa&hellip;","_links":{"self":[{"href":"https:\/\/pinakova.sk\/index.php?rest_route=\/wp\/v2\/pages\/80","targetHints":{"allow":["GET"]}}],"collection":[{"href":"https:\/\/pinakova.sk\/index.php?rest_route=\/wp\/v2\/pages"}],"about":[{"href":"https:\/\/pinakova.sk\/index.php?rest_route=\/wp\/v2\/types\/page"}],"author":[{"embeddable":true,"href":"https:\/\/pinakova.sk\/index.php?rest_route=\/wp\/v2\/users\/1"}],"replies":[{"embeddable":true,"href":"https:\/\/pinakova.sk\/index.php?rest_route=%2Fwp%2Fv2%2Fcomments&post=80"}],"version-history":[{"count":5,"href":"https:\/\/pinakova.sk\/index.php?rest_route=\/wp\/v2\/pages\/80\/revisions"}],"predecessor-version":[{"id":395,"href":"https:\/\/pinakova.sk\/index.php?rest_route=\/wp\/v2\/pages\/80\/revisions\/395"}],"wp:attachment":[{"href":"https:\/\/pinakova.sk\/index.php?rest_route=%2Fwp%2Fv2%2Fmedia&parent=80"}],"curies":[{"name":"wp","href":"https:\/\/api.w.org\/{rel}","templated":true}]}}